igit of (-406913)/(-65) - (-1)/(-5)?
6
Suppose 78*y - 54 = 96*y. What is the units digit of 7 + 1 + (y - 6 - -10)?
9
Let d(y) = -2*y - 2. Suppose 4*l + 1 = 3*a + 12, 5*l + 25 = -4*a. Let v be d(l). Suppose v = -0*w - 7*w + 119. What is the units digit of w?
7
Let m be (-38106)/(-203) + 2/7. Suppose -v + m = -184. What is the units digit of v?
2
Suppose 4*m + 6 = 7*m + 2*i, 0 = m - 5*i + 15. Suppose -5784 = -5*c - 2*n, 4*c + 3*n - 4630 = -m*n. What is the units digit of c?
6
Suppose 2*o - 4*z = 690, -4*o - 249*z + 253*z = -1368. What is the tens digit of o?
3
Suppose -20*o - 27*o + 531888 = 9*o. What is the thousands digit of o?
9
Let w be 573 - (6/18)/(4/48). Let b = 984 - w. What is the tens digit of b?
1
Suppose 0 = -a - u + 7, -5*u + 12 = 2*a - 14. Suppose 5*i - a*o + 1459 = 0, -918 = -5*i + 4*o - 2380. What is the units digit of i/(-4) + -1*2/(-4)?
3
Let m(a) = 4016*a - 838. What is the tens digit of m(11)?
3
What is the units digit of (-38922)/(-9) + 40/(-60)?
4
Suppose -87904 = -664*p + 648*p. What is the hundreds digit of p?
4
Suppose 0 = -5*w - 10 - 15, 0 = 3*o + 3*w + 6. Suppose -o*m - 10 = -m + 2*s, -m + s = 5. What is the units digit of m*-6*(4 + -3)?
0
Suppose 25*y + 15 = 20*y. What is the tens digit of 1 + 464 - -1*(y + 4)?
6
Let d(x) = 2*x**2 - 12*x + 56. Let q be d(-15). Suppose -13*n = -6*n - q. What is the tens digit of n?
9
Let y be (6/(-8) - -1)*0/34. Suppose 13*i = 9*i - 3*g + 2581, -5*i + 5*g + 3200 = y. What is the tens digit of i?
4
Let q(p) = -481*p + 909. What is the units digit of q(-13)?
2
Let k(a) = 2*a**2 + 81*a + 183. Let d be k(-38). Let l(w) = -5*w**3 - w**2 + 6*w + 16. What is the tens digit of l(d)?
4
Let t(b) = -2*b**2 + 41*b - 11. Let f be t(18). Suppose 0 = 2*g - 4 + 76. Let p = f + g. What is the units digit of p?
3
Let f(u) = 23*u + 36. Let q be f(-3). Let n(y) = y**3 + 33*y**2 - 30*y - 8. What is the units digit of n(q)?
2
Let s(n) = -47*n + 1244. What is the thousands digit of s(-87)?
5
Let w = -8 + 13. Suppose 7*p = w*p. Suppose p*i - i - 485 = -5*q, 3*q = -4*i + 314. What is the tens digit of q?
9
Let x(p) = -498*p**3 - 6*p**2 - 316*p**3 + 0*p**2 - 22*p + 16*p. What is the units digit of x(-1)?
4
Suppose -25262 = -16*a + 2306. Suppose -4*t - 3*b = -994, -b = 7*t - 4*b - a. What is the hundreds digit of t?
2
Let b(r) = -r**2 - 17*r - 3. Let l be b(-14). Let j = -42 + l. What is the units digit of 1*(-1 - 0) - j?
2
Let n = 143634 + -94505. What is the thousands digit of n?
9
Suppose -28686 = 4*m + 3*v - 123715, 4*m = 4*v + 94980. What is the units digit of m?
2
Let q(l) = 4*l**3 - l**2 - 9*l - 22. Let a(n) = -4*n**3 + 2*n**2 + 8*n + 22. Let h(t) = -4*a(t) - 5*q(t). What is the units digit of h(-4)?
8
Let d(u) be the first derivative of 7*u**4/4 - 2*u**3/3 - 7*u**2/2 - 5*u - 156. What is the hundreds digit of d(4)?
3
Suppose -3*i + 2*i = -a - 219, -4*i + 3*a = -880. Let w = 477 - i. What is the units digit of w?
4
Suppose 4*v = -2*c + 2 + 10, 4*c = -v + 3. Suppose -2*f = -c*f + 4*i - 296, 2*f + 5*i - 293 = 0. Suppose 10 = -4*y + f. What is the tens digit of y?
3
Let k = -54 + 57. Suppose -k*o + 4 + 8 = 0. Suppose 0 = r - 0*z - 2*z - 12, -3*z + 26 = o*r. What is the units digit of r?
8
Let f(l) = l**3 + 2*l + 7. Let p be f(6). Suppose p = 2*z - 989. Let i = -307 + z. What is the tens digit of i?
0
Suppose 17*b = 28*b - 68651. What is the tens digit of b?
4
Let p = -678 + 682. What is the thousands digit of p + 30/(-18)*3 - -1318?
1
Let o be (0 - 8)*(-170 + 16). Suppose 22*t = 6*t + o. What is the units digit of t?
7
Let w(a) = -380*a - 234. Let j(g) = 191*g + 116. Let c(q) = 5*j(q) + 3*w(q). What is the hundreds digit of c(-3)?
4
Suppose 6*p + 14*p - 8046 = 17314. What is the hundreds digit of p?
2
Let y(v) = 2*v**3 + 12*v**2 - 15*v - 12. Let h be y(-7). Let l(d) = -d. Let k(o) = -4*o - 9. Let p(b) = -k(b) + 3*l(b). What is the units digit of p(h)?
4
Let z(a) = a**3 + 5*a**2 - 15*a - 8. Let w(r) = 7*r**2 + r - 1. Let m be w(-1). What is the units digit of z(m)?
7
Let k(c) = -663*c + 6819. What is the ten thousands digit of k(-13)?
1
What is the hundreds digit of ((-201580)/(-50))/((-28)/(-98) - 8/(-70))?
0
Let b be (52600/75)/(2/3). Let i = -264 + b. What is the hundreds digit of i?
7
Let u = 37 + 24. Let h = u - 59. Suppose 8*o - h*o = 480. What is the tens digit of o?
8
Let s(n) = 640*n**2 - 153*n - 933. What is the thousands digit of s(-6)?
3
Let l be (-4)/(-3) - 69960/(-45). Let j = l + -433. What is the tens digit of j?
2
Let y(o) = 67*o**2 + 449*o + 5. What is the thousands digit of y(-12)?
4
Let p(r) = r**3 - 7*r**2 - 7*r - 1. Let y be p(8). Suppose 3*t + 3*h = 21, -t - 3*h + y = -0*t. What is the units digit of 0 + ((-2)/t - (-48)/21)?
2
Let j be (1/4)/((-23)/(-368)). Let u(v) = 14*v + 31. Let z(n) = 26*n + 61. Let q(h) = j*z(h) - 7*u(h). What is the tens digit of q(17)?
2
Let c(y) = -83*y + 39. Let f(r) = 42*r - 19. Let h(o) = -3*c(o) - 5*f(o). What is the hundreds digit of h(8)?
2
Let m = -7054 + 12590. What is the tens digit of m?
3
Let r(b) be the third derivative of b**6/120 + 7*b**5/30 - 7*b**4/8 - 25*b**3/6 - 6*b**2. Let h be r(-15). Let t = -26 + h. What is the tens digit of t?
3
Let c = 39109 - 9843. What is the tens digit of c?
6
Let c be (-1400)/(-35)*2/8. Let h(v) = v**3 - v. Let f be h(1). Suppose -5*o = -5*u + c, -o + f - 7 = -2*u. What is the units digit of u?
5
Let o(n) = -n**3 + 7*n**2 + 2*n - 9. Let j be o(7). Suppose -h + j*h = h. Suppose h = -5*d + 5*y + 150, -7 - 5 = -d - 5*y. What is the tens digit of d?
2
Suppose -7*w + 6422 = -3826. Suppose 741 = p - 3*x, 5*p - 3*x + w = 7*p. What is the hundreds digit of p?
7
Let b(p) = 41*p**2 - 13*p + 28. Let j be b(9). Suppose 0 = 2*g + 2*g - 16, 4*s - 2*g = j. What is the units digit of s?
0
Suppose 5*g - 688 = 3*p, -3*g + 149 = -3*p - 265. Suppose 5*s + 48 - 83 = 0. Suppose -s*w + g = -6*w. What is the hundreds digit of w?
1
What is the units digit of 4/2*599 + (2 + -15)/13?
7
What is the tens digit of -20 + 5*(-25170)/(-75)?
5
Let y(o) be the third derivative of 7/24*o**4 - 4/3*o**3 - 10*o**2 + 0*o + 0. What is the tens digit of y(5)?
2
Let r = -55 + 77. Suppose -50 = r*p - 21*p. Let l = p - -60. What is the units digit of l?
0
Let z(p) = -6*p**2 - 10*p + 23. Let r(y) = -5*y**2 - 11*y + 22. Let m(w) = -5*r(w) + 4*z(w). Let b be m(-13). What is the tens digit of (-6)/44*-402 - 8/b?
5
Let w(p) = 4*p + 114. Let k(m) = -9*m - 24. Let x(j) = 2*j + 1. Let l(r) = 2*k(r) + 6*x(r). Let f be l(-7). What is the tens digit of w(f)?
1
What is the thousands digit of (55536/32)/((-24)/(-224))?
6
Let t(c) = -9*c**3 + 12*c**2 - 5. Let l = -47 - -43. What is the units digit of t(l)?
3
Let b(i) = -12*i + 2472. Let v be b(0). Suppose -h = 23*h - v. What is the tens digit of h?
0
Let a = 34 - 27. Suppose 6773 - 1257 = a*l. Suppose -2*f + 3*m + 518 = 0, 3*f - 5*m + 6*m = l. What is the units digit of f?
2
Suppose -389385 = 201*w - 2450037. What is the units digit of w?
2
Suppose 338 + 22 = 4*j + 3*x, x = j - 90. Suppose j*m - 93*m + 2751 = 0. What is the units digit of m?
7
Let v(w) be the second derivative of w**4/6 + 5*w**3/3 + w**2 - 20*w. Let z be v(-4). What is the units digit of z/(-8) - 49/(-4)?
3
Let t be 185*220/25 + 1/1. Let u = t - 120. What is the tens digit of u?
0
Suppose -4*d = -3*u + 24, 5*u - d - d = 26. Let k be 1/18*u - 2244/(-108). Suppose -k*w = -22*w + 55. What is the tens digit of w?
5
Let s(g) = -249*g - 19 - 16 + 169*g. What is the hundreds digit of s(-5)?
3
Suppose -2*y - 13*a + 10 = -11*a, -2*y + 13 = 5*a. Let i(g) = 73*g - 3. Let r be i(3). Let m = r + y. What is the tens digit of m?
2
Suppose 6588*p - 6608*p = -37000. What is the units digit of p?
0
Let i(x) = 57873*x - 2. What is the hundreds digit of i(1)?
8
What is the tens digit of ((-12)/180*-9)/(4/25100)?
6
Suppose -48*m - 557327 = -3805727. What is the tens digit of m?
7
What is the tens digit of 12117*9/12*(-204)/(-459)?
3
Suppose 8*f = -f + 27. Suppose -f*r + 52 = -29. What is the tens digit of r?
2
Suppose -2*l - 11182 + 32222 = -z, -6*l = -5*z - 63108. What is the ten thousands digit of l?
1
Suppose -834264 - 132687 - 154169 = -40*q. What is the thousands digit of q?
8
Let y(l) = 7*l - 26. Let g be y(4). Let d(v) = -113*v + g*v**3 - v**3 + 88 + 111*v. What is t